
Is 5089 composite?
True
Is 14243 prime?
True
Is 15817 a prime number?
True
Is 315643 a composite number?
False
Is 7837 a prime number?
False
Is 539501 a composite number?
False
Is 1357129 a composite number?
False
Is 121843 a prime number?
True
Is 275521 a prime number?
True
Is 127951 a prime number?
True
Is 972107 a composite number?
True
Is 94187 a composite number?
True
Is 160309 a prime number?
True
Is 5893 composite?
True
Is 284827 composite?
True
Is 19297 a prime number?
False
Is 32909 a prime number?
True
Is 51673 composite?
False
Is 23089 a composite number?
True
Is 390107 prime?
True
Is 8887 prime?
True
Is 9587 a composite number?
False
Is 770261 a composite number?
False
Is 536561 composite?
False
Is 5541 composite?
True
Is 7817 composite?
False
Is 1052719 a composite number?
False
Is 30869 a prime number?
True
Is 13093 a prime number?
True
Is 147037 composite?
True
Is 38509 a composite number?
True
Is 26557 a composite number?
False
Is 2257 composite?
True
Is 367331 a composite number?
True
Is 9091 a prime number?
True
Is 110455 a composite number?
True
Is 5549 a prime number?
False
Is 191 a prime number?
True
Is 26823 a prime number?
False
Is 2579 a composite number?
False
Is 200569 a prime number?
True
Is 170741 a composite number?
False
Is 115561 a prime number?
True
Is 10243 a composite number?
False
Is 48907 composite?
False
Is 9038 a composite number?
True
Is 18481 prime?
True
Is 75913 a composite number?
False
Is 1409 prime?
True
Is 34499 prime?
True
Is 148331 a prime number?
True
Is 64063 a composite number?
False
Is 20841 a prime number?
False
Is 769 a prime number?
True
Is 3419 prime?
False
Is 12301 a prime number?
True
Is 921653 a composite number?
True
Is 1164253 composite?
False
Is 948577 a composite number?
True
Is 3821 composite?
False
Is 192911 composite?
True
Is 1574 a composite number?
True
Is 325963 a composite number?
True
Is 111117 composite?
True
Is 118693 prime?
False
Is 1128629 a composite number?
False
Is 159307 a composite number?
True
Is 61877 prime?
False
Is 797851 a prime number?
True
Is 984586 composite?
True
Is 16894 a composite number?
True
Is 205 a composite number?
True
Is 38401 composite?
True
Is 158 a composite number?
True
Is 53329 a prime number?
False
Is 214313 prime?
False
Is 959 composite?
True
Is 2227 prime?
False
Is 20887 a composite number?
False
Is 940201 composite?
False
Is 99223 prime?
True
Is 133193 a prime number?
False
Is 36257 a prime number?
False
Is 1399 a composite number?
False
Is 480927 composite?
True
Is 1431627 composite?
True
Is 2189 composite?
True
Is 2942 prime?
False
Is 9091 a prime number?
True
Is 237431 prime?
False
Is 117163 a prime number?
True
Is 89911 prime?
False
Is 542 prime?
False
Is 239 composite?
False
Is 37123 prime?
True
Is 159779 a composite number?
False
Is 4547 prime?
True
Is 101683 a composite number?
True
Is 1259 a composite number?
False
Is 6599 a prime number?
True
Is 57999 composite?
True
Is 75659 composite?
False
Is 76207 composite?
False
Is 19913 composite?
False
Is 2129 composite?
False
Is 10109 a composite number?
True
Is 1977917 composite?
False
Is 283687 composite?
False
Is 45865 composite?
True
Is 14521 a prime number?
False
Is 236987 composite?
True
Is 4103 a composite number?
True
Is 101771 prime?
True
Is 1397 prime?
False
Is 85379 a composite number?
True
Is 61447 a prime number?
False
Is 17783 prime?
True
Is 3955273 a composite number?
True
Is 923 a prime number?
False
Is 3847 a composite number?
False
Is 448801 a composite number?
False
Is 1173343 a prime number?
True
Is 23105 composite?
True
Is 77761 a prime number?
True
Is 2019 a prime number?
False
Is 10609 a composite number?
True
Is 111029 a prime number?
True
Is 32267 a composite number?
True
Is 40961 prime?
True
Is 18637 a prime number?
True
Is 78973 prime?
False
Is 45233 prime?
True
Is 585953 composite?
False
Is 15073 a composite number?
False
Is 150239 a prime number?
True
Is 14981 a composite number?
True
Is 1411039 composite?
True
Is 71047 prime?
False
Is 669849 a prime number?
False
Is 640193 a prime number?
True
Is 87177 a composite number?
True
Is 1684909 prime?
False
Is 163327 a composite number?
False
Is 7031 a prime number?
False
Is 5983 prime?
False
Is 3659 prime?
True
Is 88859 prime?
False
Is 116419 a composite number?
True
Is 7453 prime?
False
Is 45737 prime?
True
Is 4643 a prime number?
True
Is 99669 a composite number?
True
Is 538739 composite?
False
Is 1753 a composite number?
False
Is 44309 prime?
False
Is 244763 a composite number?
True
Is 10973 a composite number?
False
Is 106147 a prime number?
False
Is 67499 a composite number?
False
Is 184073 prime?
True
Is 2099 a prime number?
True
Is 734241 composite?
True
Is 16859 prime?
False
Is 9655 prime?
False
Is 22267 a composite number?
True
Is 11183 a composite number?
True
Is 6017 composite?
True
Is 1056563 composite?
False
Is 51749 composite?
False
Is 2609 a prime number?
True
Is 640219 a composite number?
False
Is 11359 a prime number?
False
Is 260849 prime?
True
Is 249211 a composite number?
False
Is 41551 prime?
False
Is 645211 a prime number?
False
Is 249311 a composite number?
False
Is 1262 a prime number?
False
Is 47903 a composite number?
False
Is 78101 a prime number?
True
Is 62105 a composite number?
True
Is 3863 composite?
False
Is 2933 prime?
False
Is 4487 composite?
True
Is 15177 composite?
True
Is 50021 prime?
True
Is 363115 composite?
True
Is 34631 composite?
False
Is 123307 composite?
False
Is 37 a prime number?
True
Is 33 composite?
True
Is 4702 prime?
False
Is 63943 a composite number?
True
Is 61769 a prime number?
False
Is 28963 prime?
False
Is 505 composite?
True
Is 29527 composite?
False
Is 354391 prime?
True
Is 128597 a composite number?
True
Is 32493 composite?
True
Is 7237 composite?
False
Is 23797 prime?
False
Is 354953 a composite number?
False
Is 98993 a composite number?
False
Is 851811 a composite number?
True
Is 97 prime?
True
Is 211739 a prime number?
False
Is 235589 prime?
False
Is 566399 a composite number?
True
Is 1087 prime?
True
Is 12491 a prime number?
True
Is 1051417 a composite number?
False
Is 7509 a composite number?
True
Is 15611 a composite number?
True
Is 86399 a prime number?
True
Is 70753 a composite number?
False
Is 1498789 composite?
False
Is 3632687 prime?
False
Is 65185 prime?
False
Is 933601 prime?
True
Is 16327 composite?
True
Is 65281 a composite number?
True
Is 46743 a prime number?
False
Is 116849 a prime number?
True
Is 8977 a prime number?
False
Is 763 a prime number?
False
Is 139453 composite?
True
Is 82439 a prime number?
False
Is 4177 composite?
False
Is 2729 a composite number?
False
Is 903493 a composite number?
False
Is 815707 composite?
True
Is 174851 composite?
False
Is 4176643 a composite number?
True
Is 458693 a composite number?
True
Is 8923 a prime number?
True
Is 14621 composite?
False
Is 5906 a prime number?
False
Is 149459 a prime number?
True
Is 5469 a composite number?
True
Is 8057 composite?
True
Is 287961 composite?
True
Is 4691 a prime number?
True
Is 672121 prime?
False
Is 7753 prime?
True
Is 1817 composite?
True
Is 1217 a prime number?
True
Is 2833 a prime number?
True
Is 37489 a composite number?
False
Is 989 prime?
False
Is 63521 a prime number?
True
Is 804526 composite?
True
Is 821 composite?
False
Is 276817 a composite number?
False
Is 5951 a composite number?
True
Is 1301789 prime?
False
Is 48245 a prime number?
False
Is 64789 a composite number?
True
Is 4049 a prime number?
True
Is 22613 a prime number?
True
Is 225859 prime?
True
Is 13367 prime?
True
Is 9527 prime?
False
Is 100907 prime?
True
Is 12281215 a prime number?
False
Is 1056863 composite?
False
Is 19237 a composite number?
False
Is 1829 prime?
False
Is 3738271 a prime number?
False
Is 1429459 prime?
False
Is 49261 prime?
True
Is 8923 a prime number?
True
Is 12335 a prime number?
False
Is 2325419 composite?
True
Is 1597 a prime number?
True
Is 4391 prime?
True
Is 58187 composite?
True
Is 37939 a prime number?
False
Is 3543 composite?
True
Is 111653 a composite number?
False
Is 541361 prime?
True
Is 9147 composite?
True
Is 1115 composite?
True
Is 4121 composite?
True
Is 149351 composite?
False
Is 3389 a prime number?
True
Is 41719 a composite number?
False
Is 8461 prime?